t s(m) = -20055*m + 701844. Calculate s(35).
-81
Let b(f) = f**3 - 57*f**2 + 820*f - 184. Give b(28).
40
Let s(w) = -5*w**2 - 67*w + 934. Determine s(12).
-590
Let u(j) = j**3 - 347*j**2 - 242*j - 37433. Determine u(348).
-545
Let n(v) = 18*v**2 + 183*v + 67. Calculate n(-10).
37
Let k(v) = v**2 - 1932*v - 3880. Calculate k(-2).
-12
Let q(x) = -10976*x + 10317466. What is q(940)?
26
Let p(n) = -1277*n + 19745. Give p(19).
-4518
Let k(g) = -g**2 - 3572*g - 248589. Give k(-71).
-18
Let t(b) = b**3 - 53*b**2 - 151*b + 1510. Calculate t(55).
-745
Let m(n) = 1363*n + 197996. Give m(-145).
361
Let o(f) = 8510*f + 59587. Calculate o(-7).
17
Let a(o) = o**2 - 76*o + 1890. Determine a(43).
471
Let r(f) = -f**2 + 165957*f - 331907. Calculate r(2).
3
Let y(u) = -2*u**2 + 147*u - 2288. Give y(21).
-83
Let r(m) = -48107*m**2 + 384868*m - 8. Give r(8).
88
Let p(j) = 1298*j + 66193. Determine p(-51).
-5
Let v(q) = 13*q - 1731. Calculate v(13).
-1562
Let c(x) = 649*x + 763. Give c(-2).
-535
Let s(v) = 97*v**2 - 872*v + 3478. Determine s(4).
1542
Let w(t) = 28377*t - 3433627. Determine w(121).
-10
Let k(b) = 2*b**2 - 116*b + 1044. Determine k(45).
-126
Let y(m) = -2*m**3 + 32*m**2 + 18*m + 24. Determine y(16).
312
Let l(x) = -3*x**3 + 263*x**2 - 168*x - 40. Give l(87).
482
Let k(y) = -734*y - 23653. Calculate k(-32).
-165
Let p(w) = w**3 + 380*w**2 + 2611*w + 17. Determine p(-373).
17
Let m(f) = -33413*f - 25460700. What is m(-762)?
6
Let h(m) = -226*m - 7894. What is h(-31)?
-888
Let w(x) = 151213*x - 604850. What is w(4)?
2
Let u(a) = 3*a**3 + 28*a**2 - 30*a + 75. What is u(-12)?
-717
Let m(r) = 124*r**2 + 77*r - 75. Calculate m(4).
2217
Let a(k) = k**3 - 59*k**2 - 751*k + 214. Calculate a(70).
1544
Let z(g) = -14*g**2 + 1301*g + 900. Give z(94).
-510
Let r(m) = 25449*m + 3435620. Determine r(-135).
5
Let g(j) = -j**3 + 70*j**2 - 637*j - 689. Determine g(59).
19
Let d(r) = r**2 - 55*r + 543. Give d(39).
-81
Let c(w) = -2*w**2 - 2662*w - 39478. Determine c(-15).
2
Let z(s) = 32*s**3 + 227*s**2 + 33*s + 68. Give z(-7).
-16
Let v(x) = -x**3 - 89*x**2 - 1122*x - 172. What is v(-15)?
8
Let l(v) = 23*v**2 + 2793*v + 1197. Determine l(-121).
-13
Let w(d) = -2*d**2 + 114*d - 2215. Calculate w(30).
-595
Let d(o) = -17*o**2 + 152*o - 953. Calculate d(6).
-653
Let j(s) = -484*s**2 - 1099*s - 21. What is j(0)?
-21
Let y(c) = -2*c**3 - 108*c**2 + 110*c + 5926. What is y(-54)?
-14
Let l(j) = -91*j - 1278. Determine l(-19).
451
Let l(p) = -p**3 - 43*p**2 - 327*p - 712. Calculate l(-34).
2
Let g(r) = 2*r**2 - 727*r - 34074. Give g(-42).
-12
Let a(j) = -6915*j + 139009. What is a(20)?
709
Let g(j) = -j**3 + 390*j**2 + 3578*j - 38. Determine g(-9).
79
Let o(p) = 9805*p - 156883. Calculate o(16).
-3
Let q(v) = -3*v**3 + 73*v**2 - 69*v + 986. Determine q(24).
-94
Let p(g) = g**3 + 8*g**2 - 1129*g - 10060. Give p(-9).
20
Let f(z) = 3*z**2 - 1513*z + 144727. Give f(376).
-33
Let r(c) = -38*c**2 - 244*c - 221. Calculate r(-6).
-125
Let c(u) = 4706*u - 4691876. Determine c(997).
6
Let g(x) = -109*x - 3174. What is g(-31)?
205
Let c(g) = -3*g**2 - 29*g + 274. What is c(-17)?
-100
Let u(o) = -2*o**3 + 3*o**2 - 270*o + 801. What is u(3)?
-36
Let i(d) = 129*d + 8275. Give i(-63).
148
Let f(p) = 85336*p + 682429. Give f(-8).
-259
Let g(b) = -b**3 - 71*b**2 + 624*b - 639. Calculate g(-79).
-7
Let n(h) = 43994*h + 571854. What is n(-13)?
-68
Let g(z) = 3*z**2 + 22607*z + 22609. Determine g(-1).
5
Let i(d) = -3*d**3 + 18*d**2 + 61*d - 110. Give i(8).
-6
Let b(g) = 4*g**2 - 121*g + 521. What is b(5)?
16
Let t(z) = 567*z - 9925. Determine t(18).
281
Let h(m) = -45*m**2 - 2301*m - 337. Calculate h(-51).
-31
Let u(j) = -j**3 + 23*j**2 - j + 198. Determine u(23).
175
Let z(h) = h**3 + 275*h**2 - 9150*h - 9. Determine z(-305).
-9
Let k(l) = 3693*l - 277085. Calculate k(75).
-110
Let s(h) = -h**3 - 109*h**2 - 291*h + 77. Give s(-3).
-4
Let n(p) = 2*p**3 - 251*p**2 - 128*p + 187. What is n(126)?
-65
Let q(y) = 2*y**3 - 26*y**2 - 55*y - 436. Give q(16).
220
Let b(q) = -101*q**2 - 1749*q - 546. Give b(-17).
-2
Let j(p) = -p**3 - 73*p**2 - 1154*p + 209. Determine j(-23).
301
Let s(o) = -o**3 - 30*o**2 - 421*o + 2221. What is s(4)?
-7
Let p(l) = -l**2 - 566*l - 79863. Determine p(-299).
-30
Let j(b) = -7*b**3 - 424*b**2 - 235*b + 280. What is j(-60)?
-20
Let x(f) = -f**3 + 355*f**2 + 1815*f - 5454. Determine x(360).
-54
Let q(z) = z**3 - 2*z**2 - 34090*z + 102262. Calculate q(3).
1
Let u(d) = d**3 + 90*d**2 - 828*d + 6243. Give u(-99).
6
Let r(g) = 6*g**3 - 2443*g**2 + 396*g + 3947. Calculate r(407).
-530
Let b(q) = -q**2 - 694*q - 71027. Determine b(-126).
541
Let y(u) = -487*u - 52140. What is y(-107)?
-31
Let g(c) = 5*c**3 - 704*c**2 - 141*c - 93. What is g(141)?
-93
Let m(b) = 64*b**2 - 1133*b + 3426. Calculate m(3).
603
Let i(v) = -248408*v - 2484008. Calculate i(-10).
72
Let z(l) = -2*l**3 + 5*l**2 - 505*l + 3270. Determine z(6).
-12
Let u(v) = v**3 - 177*v**2 - 552*v + 934. Calculate u(180).
-1226
Let f(s) = -6897*s + 13634. Determine f(2).
-160
Let u(g) = 3*g**3 + 213*g**2 + 713*g + 35194. What is u(-70)?
-16
Let t(g) = -2102*g - 14591. Calculate t(-7).
123
Let r(n) = 1697*n - 368239. Give r(217).
10
Let b(l) = -339*l - 18665. Give b(-55).
-20
Let y(f) = 3212193*f - 19273160. Calculate y(6).
-2
Let q(i) = 16*i**3 - 14*i**2 - 79*i - 6. What is q(-3)?
-327
Let d(a) = 16463*a + 17278. Calculate d(-1).
815
Let z(a) = 7343*a - 117446. What is z(16)?
42
Let s(o) = 41*o + 8843. What is s(-216)?
-13
Let l(m) = -249*m - 8499. Calculate l(-34).
-33
Let y(x) = 11864*x - 723696. Determine y(61).
8
Let p(w) = 16*w**2 + 300*w + 1392. Calculate p(-12).
96
Let i(y) = -7*y**3 + 732*y**2 + 810*y + 79. Give i(-1).
8
Let l(y) = -13*y**3 - 1406*y**2 - 197*y + 2055. What is l(-108)?
3
Let b(w) = 8*w**2 + 971*w + 28715. Determine b(-52).
-145
Let n(s) = -18414*s + 626067. Give n(34).
-9
Let q(p) = p**3 - 19*p**2 + 96*p - 620. What is q(13)?
-386
Let l(p) = -34961*p + 279209. Give l(8).
-479
Let z(x) = 15*x**2 - 8928*x + 1764. Calculate z(595).
-21
Let o(b) = -18*b + 4440. Calculate o(250).
-60
Let n(b) = -4*b**2 - 1789*b + 137826. What is n(67)?
7
Let d(l) = -69685*l - 278711. Calculate d(-4).
29
Let v(o) = -4655*o + 27916. What is v(6)?
-14
Let u(s) = 2476*s - 17400. Give u(7).
-68
Let j(v) = 126182*v + 1009450. What is j(-8)?
-6
Let v(m) = m**2 - 36955*m - 6423142. What is v(-173)?
2
Let p(y) = -y**3 + 14*y**2 + 53*y + 1354. Give p(20).
14
Let a(w) = w**3 + 34*w - 81. Determine a(2).
-5
Let k(g) = g**3 + 81*g**2 - 586*g - 34. Calculate k(6).
-418
Let i(c) = -6041*c + 181205. Determine i(30).
-25
Let u(b) = -b**3 + 30*b**2 - 39*b + 3733. Give u(32).
437
Let y(h) = h**2 + 2136*h + 187965. Determine y(-92).
-83
Let p(v) = 3*v**2 - 117*v - 514. What is p(41)?
-268
Let m(g) = -g**3 + 718*g**2 - 3609*g - 472069. Calculate m(712).
-13
Let c(g) = 14769*g + 132677. What is c(-9)?
-244
Let n(w) = -12562*w - 6054874. Calculate n(-482).
10
Let s(f) = 89*f + 12077. What is s(-138)?
-205
Let o(c) = -2*c**2 - 77*c - 1704. Determine o(-33).
-1341
Let r(a) = 32*a**2 + 2463*a + 2343. Determine r(-76).
-13
Let a(q) = 34689*q + 832602. Give a(-24).
66
Let p(v) = -v**3 + 32*v**2 - 180*v + 2096. Give p(27).
881
Let p(m) = 98*m**2 + 370*m + 1103. Give p(-3).
875
Let y(t) = -4*t**2 + 12175*t + 443481. Calculate y(-36).
-3
Let t(q) = -q**3 + 20*q**2 + 265*q - 245. What is t(29)?
-129
Let q(l) = -3*l**2 + 694*l + 141902. Calculate q(362).
-2
Let j(u) = 9*u + 2308. Give j(-262).
-50
Let f(j) = 4450*j + 107366. What is f(-24)?
566
Let h(b) = -1175*b + 126842. Determine h(108).
-58
Let x(z) = -z**3 - 286*z**2 + 589*z + 168457. Determine x(-286).
3
Let b(a) = 3120*a - 43615. What is b(14)?
65
Let y(u) = -14*u**2 - 179*u + 397. Calculate y(-21).
-2018
Let n(f) = f**2 - 10751*f + 75206. Give n(7).
-2
Let c(y) = -16*y**3 + 99*y**2 + 254*y - 36. Determine c(8).
140
Let v(w) = -2*w**2 - 10076*w + 478002. Determine v(47).
12
Let m(d) = -2*d**3 - 14*d**2 + 25*d + 127. Give m(-6).
-95
Let n(u) = -153*u + 45453. Give n(297).
12
Let p(x) = -x**3 + 90*x**2 - 333*x - 909. What is p(86)?
37
Let n(p) = 787*p + 180986. Determine n(-230).
-24
Let o(u) = -349*u + 3078. What is o(9)?
-63
Let o(n) = 25633*n - 358862. Determine o(14).
0
Let b(d) = -d**3 - 31